{"id":16861,"date":"2025-02-03T16:35:00","date_gmt":"2025-02-03T21:35:00","guid":{"rendered":"https:\/\/livinggo.co\/?page_id=16861"},"modified":"2025-10-23T13:25:32","modified_gmt":"2025-10-23T18:25:32","slug":"talleres","status":"publish","type":"page","link":"https:\/\/livinggo.co\/index.php\/talleres\/","title":{"rendered":"Talleres"},"content":{"rendered":"<div class=\"wpb-content-wrapper\"><p>[vc_row bg_type=\u00bbcolor\u00bb padding_top_multiplier=\u00bb4x\u00bb padding_bottom_multiplier=\u00bb\u00bb bg_color=\u00bb#f7f7f7&#8243;][vc_column column_effect=\u00bbmouse-move-x-y\u00bb column_effect_sensitive=\u00bbnormal\u00bb column_effect_limit=\u00bb3x\u00bb]<div class=\"grve-empty-space\" style=\"height: 90px;\"><\/div><div class=\"grve-element grve-image grve-align-center\" style=\"\">  <div class=\"grve-image-wrapper\"><img loading=\"lazy\" decoding=\"async\" width=\"150\" height=\"150\" src=\"https:\/\/livinggo.co\/wp-content\/uploads\/2024\/10\/cropped-Mesa-de-trabajo-3-copia-3simbolo-negativo-150x150.png\" class=\"attachment-thumbnail size-thumbnail\" alt=\"\" srcset=\"https:\/\/livinggo.co\/wp-content\/uploads\/2024\/10\/cropped-Mesa-de-trabajo-3-copia-3simbolo-negativo-150x150.png 150w, https:\/\/livinggo.co\/wp-content\/uploads\/2024\/10\/cropped-Mesa-de-trabajo-3-copia-3simbolo-negativo-300x300.png 300w, https:\/\/livinggo.co\/wp-content\/uploads\/2024\/10\/cropped-Mesa-de-trabajo-3-copia-3simbolo-negativo-100x100.png 100w, https:\/\/livinggo.co\/wp-content\/uploads\/2024\/10\/cropped-Mesa-de-trabajo-3-copia-3simbolo-negativo-270x270.png 270w, https:\/\/livinggo.co\/wp-content\/uploads\/2024\/10\/cropped-Mesa-de-trabajo-3-copia-3simbolo-negativo-192x192.png 192w, https:\/\/livinggo.co\/wp-content\/uploads\/2024\/10\/cropped-Mesa-de-trabajo-3-copia-3simbolo-negativo-180x180.png 180w, https:\/\/livinggo.co\/wp-content\/uploads\/2024\/10\/cropped-Mesa-de-trabajo-3-copia-3simbolo-negativo-32x32.png 32w, https:\/\/livinggo.co\/wp-content\/uploads\/2024\/10\/cropped-Mesa-de-trabajo-3-copia-3simbolo-negativo.png 512w\" sizes=\"auto, (max-width: 150px) 100vw, 150px\" \/>   <\/div><\/div>[\/vc_column][vc_column width=\u00bb1\/6&#8243;][\/vc_column][vc_column width=\u00bb2\/3&#8243;]<div class=\"grve-empty-space grve-height-1x\" style=\"\"><\/div><div class=\"grve-element grve-slogan grve-align-center\" style=\"\"><h1 class=\"grve-slogan-title grve-align-center grve-h1 grve-increase-heading grve-heading-200\"><span>Recordamos la marca por cada experiencia vivida<\/span><\/h1>  <p class=\"grve-leader-text\">El conocimiento del equipo de trabajo es vital para la construcci\u00f3n de una marca con prop\u00f3sito.<\/p><div class=\"grve-btn-wrapper\"><a href=\"#Talleres\" target=\"_blank\" rel=\"noopener noreferrer\" class=\"grve-btn grve-btn-medium grve-extra-round grve-bg-black grve-bg-hover-primary-1 grve-btn-line\"><span>Quiero saber m\u00e1s<\/span><\/a><a href=\"http:\/\/wa.me\/+573002121855\" target=\"_blank\" rel=\"noopener noreferrer\" class=\"grve-btn grve-btn-medium grve-extra-round grve-bg-primary-1 grve-bg-hover-black\"><span>Quiero una reuni\u00f3n<\/span><\/a><\/div><\/div>[\/vc_column][vc_column width=\u00bb1\/6&#8243;][\/vc_column][vc_column]<div class=\"grve-empty-space grve-height-2x\" style=\"\"><\/div>[\/vc_column][vc_column column_effect=\u00bbmouse-move-x\u00bb column_effect_limit=\u00bb4x\u00bb]<div class=\"grve-element grve-image grve-align-center\" style=\"\">  <div class=\"grve-image-wrapper\"><img loading=\"lazy\" decoding=\"async\" width=\"924\" height=\"407\" src=\"https:\/\/livinggo.co\/wp-content\/uploads\/2016\/09\/screen-01.png\" class=\"attachment-full size-full\" alt=\"\" srcset=\"https:\/\/livinggo.co\/wp-content\/uploads\/2016\/09\/screen-01.png 1x,https:\/\/livinggo.co\/wp-content\/uploads\/2016\/09\/screen-01@2x.png 2x\" \/>   <\/div><\/div>[\/vc_column][\/vc_row][vc_row padding_top_multiplier=\u00bb6x\u00bb padding_bottom_multiplier=\u00bb\u00bb columns_gap=\u00bb50&#8243; section_id=\u00bbTalleres\u00bb][vc_column width=\u00bb1\/3&#8243;]<div class=\"grve-element grve-box-icon grve-large grve-top-icon grve-align-center\" style=\"\"><div class=\"grve-wrapper-icon grve-no-shape\" style=\"\"><i class=\"grve-text-primary-1 et-icon-edit\"><\/i><\/div><div class=\"grve-box-content\"><div class=\"grve-box-title-wrapper\"><h3 class=\"grve-box-title grve-h5\">Talleres personalizados de branding<\/h3><\/div>  <p class=\"\">Nuestro taller de branding es uno de los procesos clave para la creaci\u00f3n y construcci\u00f3n de marca, bajo nuesto m\u00e9todo STAR Brand.<\/p><\/div><\/div>[\/vc_column][vc_column width=\u00bb1\/3&#8243;]<div class=\"grve-element grve-box-icon grve-large grve-top-icon grve-align-center\" style=\"\"><div class=\"grve-wrapper-icon grve-no-shape\" style=\"\"><i class=\"grve-text-primary-1 et-icon-strategy\"><\/i><\/div><div class=\"grve-box-content\"><div class=\"grve-box-title-wrapper\"><h3 class=\"grve-box-title grve-h5\">Storytelling<\/h3><\/div>  <p class=\"\">Activamos la creatividad y el pensamiento estrat\u00e9gico para crear historias de marca con personalidad, valor y prop\u00f3sito para conectar emocionalmente con el p\u00fablico objetivo.<\/p><\/div><\/div>[\/vc_column][vc_column width=\u00bb1\/3&#8243;]<div class=\"grve-element grve-box-icon grve-large grve-top-icon grve-align-center\" style=\"\"><div class=\"grve-wrapper-icon grve-no-shape\" style=\"\"><i class=\"grve-text-primary-1 et-icon-target\"><\/i><\/div><div class=\"grve-box-content\"><div class=\"grve-box-title-wrapper\"><h3 class=\"grve-box-title grve-h5\">Mentor\u00eda y consultor\u00eda de marca<\/h3><\/div>  <p class=\"\">Damos mentor\u00eda de marca para emprendedores, empresarios y\/o equipos de trabajo y en convenio con instituciones de educaci\u00f3n superior.<\/p><\/div><\/div>[\/vc_column][\/vc_row][vc_row padding_top_multiplier=\u00bb6x\u00bb padding_bottom_multiplier=\u00bb6x\u00bb separator_bottom=\u00bbtilt-left-separator\u00bb separator_bottom_size=\u00bb100%\u00bb separator_bottom_color=\u00bb#1c1f21&#8243;][vc_column column_effect=\u00bbmouse-move-x-y\u00bb column_effect_sensitive=\u00bbnormal\u00bb column_effect_limit=\u00bb4x\u00bb]<div class=\"grve-element grve-image grve-align-center\" style=\"\">  <div class=\"grve-image-wrapper\"><img loading=\"lazy\" decoding=\"async\" width=\"457\" height=\"685\" src=\"https:\/\/livinggo.co\/wp-content\/uploads\/2025\/02\/leon-livinggo.png\" class=\"attachment-full size-full\" alt=\"\" srcset=\"https:\/\/livinggo.co\/wp-content\/uploads\/2025\/02\/leon-livinggo.png 1x,https:\/\/livinggo.co\/wp-content\/uploads\/2025\/02\/leon-livinggo.png 2x\" \/>   <\/div><\/div>[\/vc_column][\/vc_row][vc_row section_type=\u00bbfullwidth\u00bb padding_top_multiplier=\u00bb6x\u00bb padding_bottom_multiplier=\u00bb6x\u00bb][vc_column]<h3 class=\"grve-element grve-typed-text grve-align-center grve-h3\" style=\"\">    <span class=\"grve-typed-text-prefix\"> \u00bfEstas en problemas?<\/span>    <span class=\"grve-animated-text grve-text-primary-1\">    \t<span id=\"grve-typed-item-69e2db7c6fdde\"><\/span>    <\/span>    <span class=\"grve-typed-text-suffix\"> <\/span><script type=\"text\/javascript\">\r\n\t\t\t\tjQuery(function($){ $(\"#grve-typed-item-69e2db7c6fdde\").appear(function() {\r\n\t\t\t\t\t$(\"#grve-typed-item-69e2db7c6fdde\").typed({\r\n\t\t\t\t\t\tstrings: [\"Si te identificas tan solo con uno de los 3 problemas\",\"tu marca necesita ayuda.\"],\r\n\t\t\t\t\t\ttypeSpeed: 30,\r\n\t\t\t\t\t\tbackSpeed: 1,\r\n\t\t\t\t\t\tstartDelay: 0,\r\n\t\t\t\t\t\tbackDelay: 500,\r\n\t\t\t\t\t\tloop: false,\r\n\t\t\t\t\t\tloopCount: false,\r\n\t\t\t\t\t\tshowCursor: true,\r\n\t\t\t\t\t\tcursorChar: \"|\",\r\n\t\t\t\t\t\tcontentType: null,\r\n\t\t\t\t\t\tattr: null\r\n\t\t\t\t\t});\r\n\t\t\t\t});\r\n\t\t\t});\r\n\t\t<\/script><\/h3><div class=\"grve-empty-space grve-height-2x\" style=\"\"><\/div>[\/vc_column][vc_column width=\u00bb1\/3&#8243; css=\u00bb.vc_custom_1472762563520{border-right-width: 1px !important;padding-right: 21% !important;padding-left: 21% !important;border-right-color: rgba(0,0,0,0.1) !important;border-right-style: solid !important;}\u00bb]<h3 class=\"grve-element grve-title grve-align-left grve-h3\" style=\"\"><span><span style=\"color: #000000;\">01. <\/span>Tu marca no conecta<\/span><\/h3>[vc_column_text css=\u00bb\u00bb]Tu marca no transmite un mensaje claro ni conecta con su audiencia.[\/vc_column_text][\/vc_column][vc_column width=\u00bb1\/3&#8243; css=\u00bb.vc_custom_1472762570203{border-right-width: 1px !important;padding-right: 21% !important;padding-left: 21% !important;border-right-color: rgba(0,0,0,0.1) !important;border-right-style: solid !important;}\u00bb]<h3 class=\"grve-element grve-title grve-align-left grve-h3\" style=\"\"><span>02. Tu marca no tiene una historia<\/span><\/h3>[vc_column_text css=\u00bb\u00bb]No tienes una historia que diferencie tu negocio en el mercado.[\/vc_column_text][\/vc_column][vc_column width=\u00bb1\/3&#8243; css=\u00bb.vc_custom_1472748349690{padding-right: 21% !important;padding-left: 21% !important;}\u00bb]<h3 class=\"grve-element grve-title grve-align-left grve-h3\" style=\"\"><span>03. Tu marca no tiene estrategia<\/span><\/h3>[vc_column_text css=\u00bb\u00bb]Inviertes en dise\u00f1o y marketing, pero sin una estrategia de marca s\u00f3lida<strong>.<\/strong>[\/vc_column_text][\/vc_column][\/vc_row][vc_row section_type=\u00bbfullwidth\u00bb padding_top_multiplier=\u00bb\u00bb padding_bottom_multiplier=\u00bb\u00bb][vc_column]<div class=\"grve-element grve-divider\" style=\"\"><div class=\"grve-line-divider grve-border\"><\/div><\/div>[\/vc_column][\/vc_row][vc_row padding_top_multiplier=\u00bb2x\u00bb padding_bottom_multiplier=\u00bb\u00bb equal_column_height=\u00bbmiddle-content\u00bb][vc_column width=\u00bb7\/12&#8243;]<div class=\"grve-element grve-image grve-align-center\" style=\"\">  <div class=\"grve-image-wrapper\"><img loading=\"lazy\" decoding=\"async\" width=\"670\" height=\"692\" src=\"https:\/\/livinggo.co\/wp-content\/uploads\/2016\/09\/img-18.jpg\" class=\"attachment-full size-full\" alt=\"\" srcset=\"https:\/\/livinggo.co\/wp-content\/uploads\/2016\/09\/img-18.jpg 1x,https:\/\/livinggo.co\/wp-content\/uploads\/2016\/09\/img-18@2x.jpg 2x\" \/>   <\/div><\/div>[\/vc_column][vc_column width=\u00bb5\/12&#8243;]<h2 class=\"grve-element grve-title grve-align-left grve-h1 grve-increase-heading grve-heading-180\" style=\"\"><span>Si tu marca no emociona, no vende<\/span><\/h2>[vc_column_text css=\u00bb\u00bb text_style=\u00bbleader-text\u00bb]Tu historia, prop\u00f3sito y estrategia definen el \u00e9xito de tu negocio. En <strong>Livinggo<\/strong>, te ayudamos a construir una marca aut\u00e9ntica, memorable y con impacto real.[\/vc_column_text]<div class=\"grve-empty-space\" style=\"height: 18px;\"><\/div>[vc_column_text css=\u00bb\u00bb]Agenda tu sesi\u00f3n ahora y transforma tu marca.[\/vc_column_text]<div class=\"grve-empty-space grve-height-1x\" style=\"\"><\/div><div class=\"grve-element grve-align-left\"><a href=\"https:\/\/themeforest.net\/item\/movedo-we-do-move-your-world\/17923709?ref=greatives\" target=\"_blank\" rel=\"noopener noreferrer\" class=\"grve-btn grve-btn-medium grve-extra-round grve-bg-black grve-bg-hover-black grve-btn-line\"><span>Agenda una cita ahora mismo<\/span><\/a><\/div><div class=\"grve-empty-space grve-height-1x\" style=\"\"><\/div>[\/vc_column][\/vc_row]<\/p>\n<\/div>","protected":false},"excerpt":{"rendered":"<p>Lorem ipsum dolor sit amet, fierent invidunt eleifend an sea, sea at nonumes deserunt, cum in dictas maiorum consequat. Legere delicata sea eu, vix ei blandit forensibus. Ne qui posse munere molestiae, no has stet dolorum.<\/p>\n","protected":false},"author":3,"featured_media":12264,"parent":0,"menu_order":0,"comment_status":"closed","ping_status":"closed","template":"","meta":{"footnotes":""},"class_list":["post-16861","page","type-page","status-publish","has-post-thumbnail","hentry"],"yoast_head":"<!-- This site is optimized with the Yoast SEO plugin v25.5 - https:\/\/yoast.com\/wordpress\/plugins\/seo\/ -->\n<title>Talleres - Livinggo.co | Estudio de marcas<\/title>\n<meta name=\"robots\" content=\"index, follow, max-snippet:-1, max-image-preview:large, max-video-preview:-1\" \/>\n<link rel=\"canonical\" href=\"https:\/\/livinggo.co\/index.php\/talleres\/\" \/>\n<meta property=\"og:locale\" content=\"es_ES\" \/>\n<meta property=\"og:type\" content=\"article\" \/>\n<meta property=\"og:title\" content=\"Talleres - Livinggo.co | Estudio de marcas\" \/>\n<meta property=\"og:description\" content=\"Lorem ipsum dolor sit amet, fierent invidunt eleifend an sea, sea at nonumes deserunt, cum in dictas maiorum consequat. Legere delicata sea eu, vix ei blandit forensibus. Ne qui posse munere molestiae, no has stet dolorum.\" \/>\n<meta property=\"og:url\" content=\"https:\/\/livinggo.co\/index.php\/talleres\/\" \/>\n<meta property=\"og:site_name\" content=\"Livinggo.co | Estudio de marcas\" \/>\n<meta property=\"article:modified_time\" content=\"2025-10-23T18:25:32+00:00\" \/>\n<meta property=\"og:image\" content=\"https:\/\/livinggo.co\/wp-content\/uploads\/2016\/09\/feature-homepage-v10.jpg\" \/>\n\t<meta property=\"og:image:width\" content=\"1920\" \/>\n\t<meta property=\"og:image:height\" content=\"1080\" \/>\n\t<meta property=\"og:image:type\" content=\"image\/jpeg\" \/>\n<meta name=\"twitter:card\" content=\"summary_large_image\" \/>\n<meta name=\"twitter:label1\" content=\"Tiempo de lectura\" \/>\n\t<meta name=\"twitter:data1\" content=\"2 minutos\" \/>\n<script type=\"application\/ld+json\" class=\"yoast-schema-graph\">{\"@context\":\"https:\/\/schema.org\",\"@graph\":[{\"@type\":\"WebPage\",\"@id\":\"https:\/\/livinggo.co\/index.php\/talleres\/\",\"url\":\"https:\/\/livinggo.co\/index.php\/talleres\/\",\"name\":\"Talleres - Livinggo.co | Estudio de marcas\",\"isPartOf\":{\"@id\":\"https:\/\/livinggo.co\/#website\"},\"primaryImageOfPage\":{\"@id\":\"https:\/\/livinggo.co\/index.php\/talleres\/#primaryimage\"},\"image\":{\"@id\":\"https:\/\/livinggo.co\/index.php\/talleres\/#primaryimage\"},\"thumbnailUrl\":\"https:\/\/livinggo.co\/wp-content\/uploads\/2016\/09\/feature-homepage-v10.jpg\",\"datePublished\":\"2025-02-03T21:35:00+00:00\",\"dateModified\":\"2025-10-23T18:25:32+00:00\",\"breadcrumb\":{\"@id\":\"https:\/\/livinggo.co\/index.php\/talleres\/#breadcrumb\"},\"inLanguage\":\"es\",\"potentialAction\":[{\"@type\":\"ReadAction\",\"target\":[\"https:\/\/livinggo.co\/index.php\/talleres\/\"]}]},{\"@type\":\"ImageObject\",\"inLanguage\":\"es\",\"@id\":\"https:\/\/livinggo.co\/index.php\/talleres\/#primaryimage\",\"url\":\"https:\/\/livinggo.co\/wp-content\/uploads\/2016\/09\/feature-homepage-v10.jpg\",\"contentUrl\":\"https:\/\/livinggo.co\/wp-content\/uploads\/2016\/09\/feature-homepage-v10.jpg\",\"width\":1920,\"height\":1080},{\"@type\":\"BreadcrumbList\",\"@id\":\"https:\/\/livinggo.co\/index.php\/talleres\/#breadcrumb\",\"itemListElement\":[{\"@type\":\"ListItem\",\"position\":1,\"name\":\"Portada\",\"item\":\"https:\/\/livinggo.co\/\"},{\"@type\":\"ListItem\",\"position\":2,\"name\":\"Talleres\"}]},{\"@type\":\"WebSite\",\"@id\":\"https:\/\/livinggo.co\/#website\",\"url\":\"https:\/\/livinggo.co\/\",\"name\":\"Livinggo.co | Estudio de marcas\",\"description\":\"Somos un estudio que impulsa a las marcas que quieren contar su propia historia con prop\u00f3sito, valores, personalidad, enfoque, direcci\u00f3n.\",\"potentialAction\":[{\"@type\":\"SearchAction\",\"target\":{\"@type\":\"EntryPoint\",\"urlTemplate\":\"https:\/\/livinggo.co\/?s={search_term_string}\"},\"query-input\":{\"@type\":\"PropertyValueSpecification\",\"valueRequired\":true,\"valueName\":\"search_term_string\"}}],\"inLanguage\":\"es\"}]}<\/script>\n<!-- \/ Yoast SEO plugin. -->","yoast_head_json":{"title":"Talleres - Livinggo.co | Estudio de marcas","robots":{"index":"index","follow":"follow","max-snippet":"max-snippet:-1","max-image-preview":"max-image-preview:large","max-video-preview":"max-video-preview:-1"},"canonical":"https:\/\/livinggo.co\/index.php\/talleres\/","og_locale":"es_ES","og_type":"article","og_title":"Talleres - Livinggo.co | Estudio de marcas","og_description":"Lorem ipsum dolor sit amet, fierent invidunt eleifend an sea, sea at nonumes deserunt, cum in dictas maiorum consequat. Legere delicata sea eu, vix ei blandit forensibus. Ne qui posse munere molestiae, no has stet dolorum.","og_url":"https:\/\/livinggo.co\/index.php\/talleres\/","og_site_name":"Livinggo.co | Estudio de marcas","article_modified_time":"2025-10-23T18:25:32+00:00","og_image":[{"width":1920,"height":1080,"url":"https:\/\/livinggo.co\/wp-content\/uploads\/2016\/09\/feature-homepage-v10.jpg","type":"image\/jpeg"}],"twitter_card":"summary_large_image","twitter_misc":{"Tiempo de lectura":"2 minutos"},"schema":{"@context":"https:\/\/schema.org","@graph":[{"@type":"WebPage","@id":"https:\/\/livinggo.co\/index.php\/talleres\/","url":"https:\/\/livinggo.co\/index.php\/talleres\/","name":"Talleres - Livinggo.co | Estudio de marcas","isPartOf":{"@id":"https:\/\/livinggo.co\/#website"},"primaryImageOfPage":{"@id":"https:\/\/livinggo.co\/index.php\/talleres\/#primaryimage"},"image":{"@id":"https:\/\/livinggo.co\/index.php\/talleres\/#primaryimage"},"thumbnailUrl":"https:\/\/livinggo.co\/wp-content\/uploads\/2016\/09\/feature-homepage-v10.jpg","datePublished":"2025-02-03T21:35:00+00:00","dateModified":"2025-10-23T18:25:32+00:00","breadcrumb":{"@id":"https:\/\/livinggo.co\/index.php\/talleres\/#breadcrumb"},"inLanguage":"es","potentialAction":[{"@type":"ReadAction","target":["https:\/\/livinggo.co\/index.php\/talleres\/"]}]},{"@type":"ImageObject","inLanguage":"es","@id":"https:\/\/livinggo.co\/index.php\/talleres\/#primaryimage","url":"https:\/\/livinggo.co\/wp-content\/uploads\/2016\/09\/feature-homepage-v10.jpg","contentUrl":"https:\/\/livinggo.co\/wp-content\/uploads\/2016\/09\/feature-homepage-v10.jpg","width":1920,"height":1080},{"@type":"BreadcrumbList","@id":"https:\/\/livinggo.co\/index.php\/talleres\/#breadcrumb","itemListElement":[{"@type":"ListItem","position":1,"name":"Portada","item":"https:\/\/livinggo.co\/"},{"@type":"ListItem","position":2,"name":"Talleres"}]},{"@type":"WebSite","@id":"https:\/\/livinggo.co\/#website","url":"https:\/\/livinggo.co\/","name":"Livinggo.co | Estudio de marcas","description":"Somos un estudio que impulsa a las marcas que quieren contar su propia historia con prop\u00f3sito, valores, personalidad, enfoque, direcci\u00f3n.","potentialAction":[{"@type":"SearchAction","target":{"@type":"EntryPoint","urlTemplate":"https:\/\/livinggo.co\/?s={search_term_string}"},"query-input":{"@type":"PropertyValueSpecification","valueRequired":true,"valueName":"search_term_string"}}],"inLanguage":"es"}]}},"_links":{"self":[{"href":"https:\/\/livinggo.co\/index.php\/wp-json\/wp\/v2\/pages\/16861","targetHints":{"allow":["GET"]}}],"collection":[{"href":"https:\/\/livinggo.co\/index.php\/wp-json\/wp\/v2\/pages"}],"about":[{"href":"https:\/\/livinggo.co\/index.php\/wp-json\/wp\/v2\/types\/page"}],"author":[{"embeddable":true,"href":"https:\/\/livinggo.co\/index.php\/wp-json\/wp\/v2\/users\/3"}],"replies":[{"embeddable":true,"href":"https:\/\/livinggo.co\/index.php\/wp-json\/wp\/v2\/comments?post=16861"}],"version-history":[{"count":18,"href":"https:\/\/livinggo.co\/index.php\/wp-json\/wp\/v2\/pages\/16861\/revisions"}],"predecessor-version":[{"id":17091,"href":"https:\/\/livinggo.co\/index.php\/wp-json\/wp\/v2\/pages\/16861\/revisions\/17091"}],"wp:featuredmedia":[{"embeddable":true,"href":"https:\/\/livinggo.co\/index.php\/wp-json\/wp\/v2\/media\/12264"}],"wp:attachment":[{"href":"https:\/\/livinggo.co\/index.php\/wp-json\/wp\/v2\/media?parent=16861"}],"curies":[{"name":"wp","href":"https:\/\/api.w.org\/{rel}","templated":true}]}}